ed by 33?
32
What is the remainder when 9446407 is divided by 749?
19
What is the remainder when 132718 is divided by 18851?
761
Calculate the remainder when 48926 is divided by 9668.
586
What is the remainder when 136527600 is divided by 165488?
0
Calculate the remainder when 133840 is divided by 43664.
2848
What is the remainder when 1867936663 is divided by 11342?
11341
Calculate the remainder when 208592 is divided by 818.
2
Calculate the remainder when 11046911 is divided by 32.
31
Calculate the remainder when 349251622 is divided by 2934.
2932
What is the remainder when 2617064 is divided by 13?
8
What is the remainder when 903469 is divided by 903457?
12
What is the remainder when 3068 is divided by 591?
113
Calculate the remainder when 14774000 is divided by 97841.
9
Calculate the remainder when 19042219 is divided by 14.
7
Calculate the remainder when 46475042 is divided by 96.
2
What is the remainder when 62161932 is divided by 133?
126
Calculate the remainder when 10285020 is divided by 155.
150
Calculate the remainder when 9457 is divided by 3787.
1883
Calculate the remainder when 2149667 is divided by 1669.
1664
What is the remainder when 122032 is divided by 619?
89
What is the remainder when 2726720 is divided by 66505?
15
What is the remainder when 3037255 is divided by 79?
21
What is the remainder when 84634 is divided by 28204?
22
What is the remainder when 924496 is divided by 154027?
334
What is the remainder when 45156093 is divided by 1728?
1725
What is the remainder when 75946 is divided by 37826?
294
Calculate the remainder when 49764 is divided by 1615.
1314
Calculate the remainder when 211876 is divided by 7413.
4312
Calculate the remainder when 43833 is divided by 35.
13
What is the remainder when 131098 is divided by 128?
26
Calculate the remainder when 5395859 is divided by 2346.
59
What is the remainder when 2654568 is divided by 139714?
2
What is the remainder when 4924962 is divided by 547214?
36
What is the remainder when 12137907 is divided by 6068868?
171
What is the remainder when 26731 is divided by 2731?
2152
Calculate the remainder when 41244 is divided by 2290.
24
What is the remainder when 1048 is divided by 39?
34
Calculate the remainder when 14022973 is divided by 49.
6
Calculate the remainder when 231019 is divided by 1469.
386
What is the remainder when 14937678 is divided by 5?
3
Calculate the remainder when 25678042 is divided by 14.
12
Calculate the remainder when 501038 is divided by 250455.
128
What is the remainder when 2920063 is divided by 208?
159
What is the remainder when 11879334 is divided by 48?
6
What is the remainder when 3984535 is divided by 10569?
22
What is the remainder when 16338487 is divided by 5446155?
22
Calculate the remainder when 24682088 is divided by 7796.
7748
Calculate the remainder when 7772 is divided by 877.
756
What is the remainder when 123398 is divided by 446?
302
Calculate the remainder when 1789677 is divided by 259.
246
Calculate the remainder when 105575 is divided by 93.
20
Calculate the remainder when 1131277 is divided by 53810.
1267
What is the remainder when 5355967 is divided by 121?
23
Calculate the remainder when 13497299 is divided by 6748631.
37
What is the remainder when 2508061 is divided by 170?
51
Calculate the remainder when 939941858 is divided by 1430.
1428
Calculate the remainder when 1224662 is divided by 19439.
5
What is the remainder when 169404881 is divided by 33?
8
Calculate the remainder when 17546732 is divided by 41093.
21
Calculate the remainder when 327715 is divided by 408.
91
What is the remainder when 18034969 is divided by 162?
157
What is the remainder when 595665 is divided by 595648?
17
What is the remainder when 598206 is divided by 122?
40
What is the remainder when 2601182 is divided by 2601163?
19
Calculate the remainder when 3414463 is divided by 487780.
3
Calculate the remainder when 432956 is divided by 216225.
506
Calculate the remainder when 48838 is divided by 12022.
750
What is the remainder when 7811472 is divided by 166?
10
What is the remainder when 5879607 is divided by 839940?
27
What is the remainder when 18013423 is divided by 44?
43
Calculate the remainder when 292973744 is divided by 13.
11
Calculate the remainder when 42010244 is divided by 27.
26
Calculate the remainder when 5815685 is divided by 1698.
35
What is the remainder when 106911843 is divided by 258?
255
What is the remainder when 10399692 is divided by 10?
2
Calculate the remainder when 568122764 is divided by 36.
32
Calculate the remainder when 100053 is divided by 519.
405
Calculate the remainder when 4517 is divided by 1126.
13
Calculate the remainder when 23742767 is divided by 10099.
18
What is the remainder when 11268321 is divided by 273?
246
What is the remainder when 5363369 is divided by 431?
5
Calculate the remainder when 1214131 is divided by 63893.
164
Calculate the remainder when 1470805 is divided by 5125.
5055
Calculate the remainder when 564377 is divided by 16.
9
What is the remainder when 31349239 is divided by 1683?
1681
What is the remainder when 6810004 is divided by 73?
53
Calculate the remainder when 423473 is divided by 122.
11
Calculate the remainder when 12471234 is divided by 206.
200
Calculate the remainder when 25166770 is divided by 25.
20
Calculate the remainder when 706849 is divided by 596.
589
Calculate the remainder when 937697 is divided by 467.
428
What is the remainder when 824715 is divided by 19636?
3
Calculate the remainder when 117537 is divided by 597.
525
What is the remainder when 17210316 is divided by 2198?
2174
Calculate the remainder when 2479025 is divided by 682.
637
What is the remainder when 5381350 is divided by 129?
115
Calculate the remainder when 84136 is divided by 4427.
23
What is the remainder when 157281417 is divided by 191?
175
Calculate the remainder when 2715770 is divided by 1524.
2
What is the remainder when 404480 is divided by 128?
0
What is the remainder when 11399708 is divided by 5699848?
12
Calculate the remainder when 2639411 is divided by 146553.
1457
What is the remainder when 71393 is divided by 1866?
485
Calculate the remainder when 252630500 is divided by 83.
80
What is the remainder when 1919813 is divided by 3?
2
What is the remainder when 5091027 is divided by 636378?
3
Calculate the remainder when 9800393 is divided by 132437.
55
Calculate the remainder when 68632399 is divided by 40.
39
What is the remainder when 229320 is divided by 555?
105
Calculate the remainder when 45754435 is divided by 300.
235
What is the remainder when 1238825 is divided by 95294?
3
What is the remainder when 359843 is divided by 2951?
2772
Calculate the remainder when 2037159 is divided by 1018476.
207
Calculate the remainder when 1333960 is divided by 1006.
4
Calculate the remainder when 97970706 is divided by 5692.
2
What is the remainder when 90736 is divided by 90421?
315
Calculate the remainder when 11079729 is divided by 95.
69
Calculate the remainder when 196166 is divided by 8155.
446
Calculate the remainder when 415123065 is divided by 51.
48
What is the remainder when 883359 is divided by 441670?
19
What is the remainder when 582872 is divided by 291223?
426
What is the remainder when 652856 is divided by 92?
24
What is the remainder when 1010541 is divided by 1010405?
136
Calculate the remainder when 78555066 is divided by 802.
770
Calculate the remainder when 4636318 is divided by 100787.
116
Calculate the remainder when 17657843 is divided by 5271.
5264
What is the remainder when 130660841 is divided by 21776805?
11
What is the remainder when 189113525 is divided by 58?
1
Calculate the remainder when 456859 is divided by 860.
199
What is the remainder when 1208405 is divided by 48334?
55
What is the remainder when 127769912 is divided by 127769911?
1
Calculate the remainder when 37248 is divided by 556.
552
What is the remainder when 203538 is divided by 2030?
538
What is the remainder when 1169315 is divided by 1458?
1457
What is the remainder when 80521172 is divided by 1198?
1196
What is the remainder when 5679642 is divided by 5679635?
7
What is the remainder when 1373308 is divided by 2316?
2236
Calculate the remainder when 185879 is divided by 3496.
591
